{"id":23,"date":"2026-03-02T11:21:43","date_gmt":"2026-03-02T11:21:43","guid":{"rendered":"https:\/\/temtqam.digital\/?page_id=23"},"modified":"2026-03-13T11:43:58","modified_gmt":"2026-03-13T11:43:58","slug":"kontakt-info","status":"publish","type":"page","link":"https:\/\/temtqam.digital\/?page_id=23","title":{"rendered":"Kontakt"},"content":{"rendered":"\n<p>Sie ben\u00f6tigen eine Beratung zu einem bestimmten Jahrgang oder haben Fragen zu Ihrer Bestellung bei temtqam. Mein Name ist Tobias Bossanyi \u0438 ich stehe Ihnen zusammen mit meinem kleinen Team gerne zur Seite. Wir sch\u00e4tzen den pers\u00f6nlichen Kontakt zu Weinliebhabern \u0438 bearbeiten jede Anfrage mit der gebotenen Fachkenntnis.<\/p>\n\n\n\n<p><strong>So erreichen Sie uns in M\u00fcnchen<\/strong><\/p>\n\n\n\n<p>Anschrift: Ernst.von.Beling.Stra\u00dfe 10A, 80997 M\u00fcnchen<\/p>\n\n\n\n<p>Elektronische Post: connect@temtqam.digital <\/p>\n\n\n\n<p>Inhaber: Tobias Bossanyi <\/p>\n\n\n\n<p>USt IdNr: DE403954866 <\/p>\n\n\n\n<p>Web: <a href=\"https:\/\/temtqam.digital\" target=\"_blank\" rel=\"noreferrer noopener\">https:\/\/temtqam.digital<\/a><\/p>\n\n\n\n<p>Telefon:\u00a0<strong>+(49)\/176\/039\/23\/436<\/strong><\/p>\n\n\n\n<p>In der Regel beantworten wir Ihre Nachrichten innerhalb von vierundzwanzig Stunden. F\u00fcr Anfragen zu gr\u00f6\u00dferen Lieferungen oder exklusiven Weinpaketen erstellen wir Ihnen gerne ein individuelles Angebot. Wir freuen uns auf Ihre Nachricht \u0438 darauf, Sie bei Ihrer Auswahl zu unterst\u00fctzen. Vertrauen Sie auf Kompetenz \u0438 bayerische Zuverl\u00e4ssigkeit im Weinhandel.<\/p>\n","protected":false},"excerpt":{"rendered":"<p>Sie ben\u00f6tigen eine Beratung zu einem bestimmten Jahrgang oder haben Fragen zu Ihrer Bestellung bei temtqam. Mein Name ist Tobias Bossanyi \u0438 ich stehe Ihnen zusammen mit meinem kleinen Team gerne zur Seite. Wir sch\u00e4tzen den pers\u00f6nlichen Kontakt zu Weinliebhabern \u0438 bearbeiten jede Anfrage mit der gebotenen Fachkenntnis. So erreichen Sie uns in M\u00fcnchen Anschrift:&#8230;<\/p>\n","protected":false},"author":1,"featured_media":0,"parent":0,"menu_order":5,"comment_status":"closed","ping_status":"closed","template":"","meta":{"footnotes":""},"class_list":["post-23","page","type-page","status-publish","hentry"],"_links":{"self":[{"href":"https:\/\/temtqam.digital\/index.php?rest_route=\/wp\/v2\/pages\/23","targetHints":{"allow":["GET"]}}],"collection":[{"href":"https:\/\/temtqam.digital\/index.php?rest_route=\/wp\/v2\/pages"}],"about":[{"href":"https:\/\/temtqam.digital\/index.php?rest_route=\/wp\/v2\/types\/page"}],"author":[{"embeddable":true,"href":"https:\/\/temtqam.digital\/index.php?rest_route=\/wp\/v2\/users\/1"}],"replies":[{"embeddable":true,"href":"https:\/\/temtqam.digital\/index.php?rest_route=%2Fwp%2Fv2%2Fcomments&post=23"}],"version-history":[{"count":4,"href":"https:\/\/temtqam.digital\/index.php?rest_route=\/wp\/v2\/pages\/23\/revisions"}],"predecessor-version":[{"id":54,"href":"https:\/\/temtqam.digital\/index.php?rest_route=\/wp\/v2\/pages\/23\/revisions\/54"}],"wp:attachment":[{"href":"https:\/\/temtqam.digital\/index.php?rest_route=%2Fwp%2Fv2%2Fmedia&parent=23"}],"curies":[{"name":"wp","href":"https:\/\/api.w.org\/{rel}","templated":true}]}}