{"id":44,"date":"2026-03-13T11:37:17","date_gmt":"2026-03-13T11:37:17","guid":{"rendered":"https:\/\/temtqam.digital\/?page_id=44"},"modified":"2026-03-13T11:37:32","modified_gmt":"2026-03-13T11:37:32","slug":"cookie-richtlinie","status":"publish","type":"page","link":"https:\/\/temtqam.digital\/?page_id=44","title":{"rendered":"Cookie.Richtlinie"},"content":{"rendered":"\n<p>Unsere Webseite <a target=\"_blank\" rel=\"noreferrer noopener\" href=\"https:\/\/temtqam.digital\">https:\/\/temtqam.digital<\/a> nutzt technische Cookies, um Ihnen den Einkauf von Wein so angenehm wie m\u00f6glich zu machen. Diese kleinen Textdateien werden auf Ihrem Endger\u00e4t gespeichert \u0438 dienen dazu, die Funktionalit\u00e4t des Warenkorbs sowie Ihre pers\u00f6nlichen Pr\u00e4ferenzen zu sichern. Ohne diese Cookies w\u00e4re ein reibungsloser Bestellvorgang technisch nicht umsetzbar. Wir verzichten auf invasive Tracking.Cookies von Drittanbietern.<\/p>\n\n\n\n<p><strong>Zweck unserer Cookies: <\/strong><\/p>\n\n\n\n<p>. Speicherung der Produkte im virtuellen Warenkorb von temtqam. <\/p>\n\n\n\n<p>. Sicherstellung der Altersverifikation w\u00e4hrend der gesamten Sitzung. <\/p>\n\n\n\n<p>. Analyse der Webseitennutzung in anonymisierter Form zur Verbesserung unseres Angebots in M\u00fcnchen.<\/p>\n\n\n\n<p>Sie k\u00f6nnen die Speicherung von Cookies in den Einstellungen Ihres Browsers jederzeit deaktivieren oder einschr\u00e4nken. Bitte beachten Sie, dass dies die Nutzung einiger Funktionen auf unserer Seite beeintr\u00e4chtigen kann. Die Sicherheit Ihrer Daten ist f\u00fcr Tobias Bossanyi eine Grundvoraussetzung f\u00fcr vertrauensvollen Weinhandel.<\/p>\n","protected":false},"excerpt":{"rendered":"<p>Unsere Webseite https:\/\/temtqam.digital nutzt technische Cookies, um Ihnen den Einkauf von Wein so angenehm wie m\u00f6glich zu machen. Diese kleinen Textdateien werden auf Ihrem Endger\u00e4t gespeichert \u0438 dienen dazu, die Funktionalit\u00e4t des Warenkorbs sowie Ihre pers\u00f6nlichen Pr\u00e4ferenzen zu sichern. Ohne diese Cookies w\u00e4re ein reibungsloser Bestellvorgang technisch nicht umsetzbar. Wir verzichten auf invasive Tracking.Cookies von&#8230;<\/p>\n","protected":false},"author":1,"featured_media":0,"parent":0,"menu_order":8,"comment_status":"closed","ping_status":"closed","template":"","meta":{"footnotes":""},"class_list":["post-44","page","type-page","status-publish","hentry"],"_links":{"self":[{"href":"https:\/\/temtqam.digital\/index.php?rest_route=\/wp\/v2\/pages\/44","targetHints":{"allow":["GET"]}}],"collection":[{"href":"https:\/\/temtqam.digital\/index.php?rest_route=\/wp\/v2\/pages"}],"about":[{"href":"https:\/\/temtqam.digital\/index.php?rest_route=\/wp\/v2\/types\/page"}],"author":[{"embeddable":true,"href":"https:\/\/temtqam.digital\/index.php?rest_route=\/wp\/v2\/users\/1"}],"replies":[{"embeddable":true,"href":"https:\/\/temtqam.digital\/index.php?rest_route=%2Fwp%2Fv2%2Fcomments&post=44"}],"version-history":[{"count":1,"href":"https:\/\/temtqam.digital\/index.php?rest_route=\/wp\/v2\/pages\/44\/revisions"}],"predecessor-version":[{"id":45,"href":"https:\/\/temtqam.digital\/index.php?rest_route=\/wp\/v2\/pages\/44\/revisions\/45"}],"wp:attachment":[{"href":"https:\/\/temtqam.digital\/index.php?rest_route=%2Fwp%2Fv2%2Fmedia&parent=44"}],"curies":[{"name":"wp","href":"https:\/\/api.w.org\/{rel}","templated":true}]}}