{"id":46,"date":"2026-03-13T11:38:06","date_gmt":"2026-03-13T11:38:06","guid":{"rendered":"https:\/\/temtqam.digital\/?page_id=46"},"modified":"2026-03-13T11:38:21","modified_gmt":"2026-03-13T11:38:21","slug":"impressum","status":"publish","type":"page","link":"https:\/\/temtqam.digital\/?page_id=46","title":{"rendered":"Impressum"},"content":{"rendered":"\n<p>Gesetzliche Anbieterkennung nach Paragraph 5 des Digitale.Dienste.Gesetzes f\u00fcr die Webseite temtqam. Betreiber \u0438 inhaltlich Verantwortlicher ist Tobias Bossanyi. Unser Standort befindet sich im M\u00fcnchner Stadtteil Allach. Wir f\u00fchren einen inhabergef\u00fchrten Fachhandel f\u00fcr erlesene Weine \u0438 legen Wert auf absolute Transparenz gegen\u00fcber unseren Kunden \u0438 den Beh\u00f6rden.<\/p>\n\n\n\n<p><strong>Kontaktdaten: <\/strong><\/p>\n\n\n\n<p>Tobias Bossanyi Ernst.von.Beling.Stra\u00dfe 10A, 80997 M\u00fcnchen, Deutschland <\/p>\n\n\n\n<p>Email Adresse: connect@temtqam.digital <\/p>\n\n\n\n<p>Umsatzsteuer Identifikationsnummer (VAT ID): DE403954866<\/p>\n\n\n\n<p>Zust\u00e4ndige Aufsichtsbeh\u00f6rden sind die entsprechenden Stellen in M\u00fcnchen. Wir nehmen am Verfahren der Online.Streitbeilegung der EU Kommission teil, erreichbar unter <a target=\"_blank\" rel=\"noreferrer noopener\" href=\"https:\/\/ec.europa.eu\/consumers\/odr\">https:\/\/ec.europa.eu\/consumers\/odr<\/a>. Zur Teilnahme an einem Streitbeilegungsverfahren vor einer Verbraucherschlichtungsstelle sind wir nicht verpflichtet. Alle Texte \u0438 Bilder auf dieser Seite sind Eigentum von temtqam \u0438 unterliegen dem Urheberrecht.<\/p>\n","protected":false},"excerpt":{"rendered":"<p>Gesetzliche Anbieterkennung nach Paragraph 5 des Digitale.Dienste.Gesetzes f\u00fcr die Webseite temtqam. Betreiber \u0438 inhaltlich Verantwortlicher ist Tobias Bossanyi. Unser Standort befindet sich im M\u00fcnchner Stadtteil Allach. Wir f\u00fchren einen inhabergef\u00fchrten Fachhandel f\u00fcr erlesene Weine \u0438 legen Wert auf absolute Transparenz gegen\u00fcber unseren Kunden \u0438 den Beh\u00f6rden. Kontaktdaten: Tobias Bossanyi Ernst.von.Beling.Stra\u00dfe 10A, 80997 M\u00fcnchen, Deutschland Email&#8230;<\/p>\n","protected":false},"author":1,"featured_media":0,"parent":0,"menu_order":9,"comment_status":"closed","ping_status":"closed","template":"","meta":{"footnotes":""},"class_list":["post-46","page","type-page","status-publish","hentry"],"_links":{"self":[{"href":"https:\/\/temtqam.digital\/index.php?rest_route=\/wp\/v2\/pages\/46","targetHints":{"allow":["GET"]}}],"collection":[{"href":"https:\/\/temtqam.digital\/index.php?rest_route=\/wp\/v2\/pages"}],"about":[{"href":"https:\/\/temtqam.digital\/index.php?rest_route=\/wp\/v2\/types\/page"}],"author":[{"embeddable":true,"href":"https:\/\/temtqam.digital\/index.php?rest_route=\/wp\/v2\/users\/1"}],"replies":[{"embeddable":true,"href":"https:\/\/temtqam.digital\/index.php?rest_route=%2Fwp%2Fv2%2Fcomments&post=46"}],"version-history":[{"count":1,"href":"https:\/\/temtqam.digital\/index.php?rest_route=\/wp\/v2\/pages\/46\/revisions"}],"predecessor-version":[{"id":47,"href":"https:\/\/temtqam.digital\/index.php?rest_route=\/wp\/v2\/pages\/46\/revisions\/47"}],"wp:attachment":[{"href":"https:\/\/temtqam.digital\/index.php?rest_route=%2Fwp%2Fv2%2Fmedia&parent=46"}],"curies":[{"name":"wp","href":"https:\/\/api.w.org\/{rel}","templated":true}]}}